351149?
False
Is 78547254 a multiple of 46?
True
Does 29 divide 52943066?
False
Is 54941330 a multiple of 26?
False
Is 1381204327 a multiple of 15?
False
Is 765049274 a multiple of 1041?
False
Is 1047229898 a multiple of 26?
True
Is 396623639 a multiple of 1825?
False
Does 1856 divide 664300829?
False
Is 973762689 a multiple of 180?
False
Is 2161 a factor of 1768601298?
True
Is 10553179 a multiple of 6?
False
Is 547 a factor of 12362087?
False
Is 117163014 a multiple of 12?
False
Is 188158669 a multiple of 731?
True
Is 67 a factor of 23847081?
False
Does 44 divide 5802321?
False
Is 90 a factor of 153370342?
False
Is 2704456378 a multiple of 2636?
False
Does 603 divide 38355021?
True
Is 4667733041 a multiple of 837?
False
Is 61 a factor of 187454037?
True
Is 4 a factor of 265065348?
True
Is 1263475490 a multiple of 2901?
False
Is 2841902368 a multiple of 8?
True
Does 5 divide 26826182?
False
Does 6 divide 41054527?
False
Is 452627989 a multiple of 453?
False
Is 2181 a factor of 125719107?
False
Is 607835325 a multiple of 21?
False
Is 23637376 a multiple of 128?
True
Does 64 divide 399740794?
False
Is 12847736 a multiple of 34?
False
Does 118 divide 822004992?
True
Is 35991544 a multiple of 1096?
True
Does 79 divide 4511573?
False
Is 5 a factor of 19238937?
False
Is 2542778 a multiple of 18?
False
Does 37 divide 3563735660?
True
Is 16 a factor of 205251984?
True
Does 976 divide 9781849?
False
Does 138 divide 1514776576?
False
Does 14 divide 2821518?
True
Is 2116 a factor of 2138259212?
False
Is 290091438 a multiple of 13?
True
Does 317 divide 52865258?
False
Is 35574583 a multiple of 29?
False
Is 144 a factor of 159004656?
True
Is 5 a factor of 549715608?
False
Is 80 a factor of 1192273477?
False
Is 689 a factor of 87355128?
False
Is 116 a factor of 40409180?
True
Is 386307360 a multiple of 240?
True
Is 1648367600 a multiple of 419?
False
Is 1236121786 a multiple of 142?
True
Is 932 a factor of 581493440?
True
Is 100501237 a multiple of 21?
False
Is 73 a factor of 1191270794?
True
Does 24 divide 51095395?
False
Is 3554122728 a multiple of 12?
True
Is 224 a factor of 61879386?
False
Is 351088617 a multiple of 11?
True
Is 2300 a factor of 1132107773?
False
Does 459 divide 701022438?
True
Does 514 divide 13942161?
False
Does 845 divide 153994948?
False
Does 26 divide 4914732474?
False
Is 3038 a factor of 10256288?
True
Does 98 divide 13030125?
False
Is 2362 a factor of 1112112270?
True
Is 418 a factor of 3198732042?
True
Does 65 divide 6119678419?
False
Does 26 divide 9902811?
False
Does 33 divide 2033841744?
True
Is 16 a factor of 10894892?
False
Is 51228514 a multiple of 2330?
False
Is 125 a factor of 36086777?
False
Does 8 divide 74399424?
True
Is 51774525 a multiple of 1045?
True
Is 57426560 a multiple of 64?
True
Is 358245784 a multiple of 91?
False
Is 8610 a factor of 491078167?
False
Is 19136598 a multiple of 29?
False
Does 37 divide 4856435?
True
Is 175586719 a multiple of 31?
False
Is 464 a factor of 100068807?
False
Is 31 a factor of 59861496?
True
Is 65183471 a multiple of 36?
False
Is 24 a factor of 5300976?
True
Does 51 divide 80398593?
True
Is 431599860 a multiple of 60?
True
Is 832 a factor of 39493638?
False
Does 3297 divide 249070625?
False
Is 4814164 a multiple of 118?
True
Does 3310 divide 299194513?
False
Is 22 a factor of 10378183?
False
Does 5756 divide 404815612?
False
Is 3319 a factor of 3128934146?
True
Does 1827 divide 29008560?
False
Does 58 divide 114372810?
True
Is 5 a factor of 238840179?
False
Is 22759345 a multiple of 35?
True
Is 12 a factor of 639865703?
False
Does 298 divide 133583097?
False
Is 1420775953 a multiple of 91?
False
Is 11 a factor of 169914624?
True
Does 155 divide 39873595?
True
Is 55 a factor of 20328984?
False
Is 48 a factor of 2079282432?
True
Does 1741 divide 26801211?
False
Does 9 divide 186396714?
True
Does 289 divide 656959713?
True
Is 2645147 a multiple of 524?
False
Does 49 divide 64030908?
False
Is 39919379 a multiple of 3340?
False
Is 101168731 a multiple of 630?
False
Does 11 divide 1763230?
False
Is 34968848 a multiple of 11?
False
Does 28 divide 55706224?
True
Is 900859176 a multiple of 15?
False
Does 92 divide 503564484?
True
Is 1762421028 a multiple of 6884?
True
Is 5 a factor of 168520?
True
Is 34881154 a multiple of 649?
True
Does 8 divide 8871464?
True
Is 47 a factor of 1455741622?
True
Is 26 a factor of 3718665496?
True
Is 4715612 a multiple of 112?
False
Does 34 divide 80052159?
False
Is 6233475 a multiple of 308?
False
Is 555 a factor of 5460645?
True
Is 1248 a factor of 77455374?
False
Does 965 divide 29942985?
True
Is 125 a factor of 4773101089?
False
Is 15 a factor of 6703894?
False
Is 11379717 a multiple of 67?
False
Is 133177041 a multiple of 681?
True
Is 1939 a factor of 318061236?
False
Is 936 a factor of 37215360?
True
Is 748223821 a multiple of 71?
False
Does 17 divide 17405758?
False
Does 210 divide 497336867?
False
Does 207 divide 2759310?
True
Does 38 divide 204089268?
False
Is 101 a factor of 50800651?
False
Is 15435086 a multiple of 120?
False
Is 67569514 a multiple of 232?
False
Is 171 a factor of 540755694?
True
Is 112249277 a multiple of 50?
False
Is 458708232 a multiple of 1700?
False
Does 12 divide 1077620654?
False
Is 40675344 a multiple of 48?
True
Is 280 a factor of 201567800?
True
Is 6373797870 a multiple of 110?
True
Is 3293403417 a multiple of 211?
True
Does 22 divide 78973224?
True
Does 36 divide 1883074716?
True
Is 1769734056 a multiple of 3623?
True
Is 54 a factor of 16054693?
False
Is 1532621927 a multiple of 28?
False
Is 16 a factor of 44292843?
False
Is 1603 a factor of 199278548?
True
Is 316694722 a multiple of 6030?
False
Is 2326 a factor of 60208305?
False
Is 14 a factor of 19611970?
True
Is 255239790 a multiple of 3846?
True
Is 83374580 a multiple of 20?
True
Does 12 divide 596361130?
False
Is 72713444 a multiple of 742?
False
Is 417213762 a multiple of 6998?
True
Does 73 divide 217648551?
True
Is 1002848971 a multiple of 1367?
True
Is 290093 a multiple of 139?
True
Is 34 a factor of 79441986?
True
Is 81460595 a multiple of 5?
True
Is 385194719 a multiple of 781?
False
Does 508 divide 45096840?
False
Is 82 a factor of 1950209444?
True
Is 19789044 a multiple of 11?
True
Is 210515651 a multiple of 367?
False
Does 75 divide 224719800?
True
Does 10 divide 27375006?
False
Is 780793690 a multiple of 2098?
False
Is 301 a factor of 2692011769?
False
Does 85 divide 837426742?
False
Does 1706 divide 1774240?
True
Does 194 divide 170457712?
True
Does 78 divide 1132545414?
True
Is 23 a factor of 121707534?
False
Is 48094050 a multiple of 10?
True
Is 11 a factor of 25840881?
True
Is 54 a factor of 9881737?
False
Does 5842 divide 3945365490?
True
Is 16 a factor of 353359967?
False
Is 386770213 a multiple of 1318?
False
Does 20 divide 6980062191?
False
Does 18 divide 8805636?
True
Is 929022918 a multiple of 262?
True
Is 870 a factor of 83524350?
True
Does 218 divide 282723982?
True
Is 114048519 a multiple of 3?
True
Is 76 a factor of 209108901?
False
Does 396 divide 648906588?
True
Is 9643470 a multiple of 6?
True
Is 15 a factor of 129671381?
False
Does 111 divide 815652642?
True
Does 1487 divide 8695976?
True
Does 1639 divide 64350073?
False
Is 435 a factor of 124304295?
True
Is 31093616 a multiple of 848?
True
Is 8216157 a multiple of 2?
False
Is 126603580 a multiple of 4381?
False
Is 61762275 a multiple of 1275?
True
Does 168 divide 47607303?
False
Is 307 a factor of 1085809573?
True
Is 4932 a factor of 165981528?
True
Is 2410224660 a multiple of 4186?
False
Is 424456313 a multiple of 127?
False
Is 284310327 a multiple of 10?
False
Is 249 a factor of 430941637?
False
Is 24858240 a multiple of 53?
False
Does 4776 divide 271342462?
False
Does 1002 divide 554298384?
True
Is 373 a factor of 389180740?
True
Is 256 a factor of 936648192?
True
Is 34429618 a multiple of 12?
False
Does 2156 divide 1372197920?
False
Is 226594695 a multiple of 15?
True
Does 58 divide 24923996?
False
Is 12459402 a multiple of 646?
True
Is 25 a factor of 18693350?
True
Is 99 a factor of 122348853?
True
Does 2 divide 1129288184?
True
Does 314 divide 329112192?
True
Does 44 divide 1727264?
True
Does 167 divide 27160045?
True
Is 12665510 a multiple of 13?
True
Is 56 a factor of 218331